[INFO] cloning repository https://github.com/LebranceBW/KvStore
[INFO] running `Command { std: "git" "-c" "credential.helper=" "-c" "credential.helper=/workspace/cargo-home/bin/git-credential-null" "clone" "--bare" "https://github.com/LebranceBW/KvStore" "/workspace/cache/git-repos/https%3A%2F%2Fgithub.com%2FLebranceBW%2FKvStore", kill_on_drop: false }`
[INFO] [stderr] Cloning into bare repository '/workspace/cache/git-repos/https%3A%2F%2Fgithub.com%2FLebranceBW%2FKvStore'...
[INFO] running `Command { std: "git" "rev-parse" "HEAD", kill_on_drop: false }`
[INFO] [stdout] 84a1b0a435196234fafeb64e7b939aabcde08466
[INFO] checking LebranceBW/KvStore against master#9610dfe5a9a731ced1ea4923ecbd0c57fe367898 for beta-170-4
[INFO] running `Command { std: "git" "clone" "/workspace/cache/git-repos/https%3A%2F%2Fgithub.com%2FLebranceBW%2FKvStore" "/workspace/builds/worker-5-tc1/source", kill_on_drop: false }`
[INFO] [stderr] Cloning into '/workspace/builds/worker-5-tc1/source'...
[INFO] [stderr] done.
[INFO] validating manifest of git repo https://github.com/LebranceBW/KvStore on toolchain 9610dfe5a9a731ced1ea4923ecbd0c57fe367898
[INFO] running `Command { std: CARGO_HOME="/workspace/cargo-home" RUSTUP_HOME="/workspace/rustup-home" "/workspace/cargo-home/bin/cargo" "+9610dfe5a9a731ced1ea4923ecbd0c57fe367898" "metadata" "--manifest-path" "Cargo.toml" "--no-deps", kill_on_drop: false }`
[INFO] started tweaking git repo https://github.com/LebranceBW/KvStore
[INFO] finished tweaking git repo https://github.com/LebranceBW/KvStore
[INFO] tweaked toml for git repo https://github.com/LebranceBW/KvStore written to /workspace/builds/worker-5-tc1/source/Cargo.toml
[INFO] crate git repo https://github.com/LebranceBW/KvStore already has a lockfile, it will not be regenerated
[INFO] running `Command { std: CARGO_HOME="/workspace/cargo-home" RUSTUP_HOME="/workspace/rustup-home" "/workspace/cargo-home/bin/cargo" "+9610dfe5a9a731ced1ea4923ecbd0c57fe367898" "fetch" "--manifest-path" "Cargo.toml", kill_on_drop: false }`
[INFO] [stderr]     Updating crates.io index
[INFO] [stderr]  Downloading crates ...
[INFO] [stderr]   Downloaded panic-control v0.1.4
[INFO] [stderr]   Downloaded sled v0.34.6
[INFO] running `Command { std: "docker" "create" "-v" "/var/lib/crater-agent-workspace/builds/worker-5-tc1/target:/opt/rustwide/target:rw,Z" "-v" "/var/lib/crater-agent-workspace/builds/worker-5-tc1/source:/opt/rustwide/workdir:ro,Z" "-v" "/var/lib/crater-agent-workspace/cargo-home:/opt/rustwide/cargo-home:ro,Z" "-v" "/var/lib/crater-agent-workspace/rustup-home:/opt/rustwide/rustup-home:ro,Z" "-e" "SOURCE_DIR=/opt/rustwide/workdir" "-e" "CARGO_TARGET_DIR=/opt/rustwide/target" "-e" "CARGO_HOME=/opt/rustwide/cargo-home" "-e" "RUSTUP_HOME=/opt/rustwide/rustup-home" "-w" "/opt/rustwide/workdir" "-m" "1610612736" "--user" "0:0" "--network" "none" "ghcr.io/rust-lang/crates-build-env/linux@sha256:19e73879b68f455e41552ea35293514db52ea292d993f571636dbffedb77a1ee" "/opt/rustwide/cargo-home/bin/cargo" "+9610dfe5a9a731ced1ea4923ecbd0c57fe367898" "metadata" "--no-deps" "--format-version=1", kill_on_drop: false }`
[INFO] [stdout] 4253049ef1d00a3c8e4d504ba32aabece82e9f07434eefdca606b9995a45d2e0
[INFO] running `Command { std: "docker" "start" "-a" "4253049ef1d00a3c8e4d504ba32aabece82e9f07434eefdca606b9995a45d2e0", kill_on_drop: false }`
[INFO] running `Command { std: "docker" "inspect" "4253049ef1d00a3c8e4d504ba32aabece82e9f07434eefdca606b9995a45d2e0", kill_on_drop: false }`
[INFO] running `Command { std: "docker" "rm" "-f" "4253049ef1d00a3c8e4d504ba32aabece82e9f07434eefdca606b9995a45d2e0", kill_on_drop: false }`
[INFO] [stdout] 4253049ef1d00a3c8e4d504ba32aabece82e9f07434eefdca606b9995a45d2e0
[INFO] running `Command { std: "docker" "create" "-v" "/var/lib/crater-agent-workspace/builds/worker-5-tc1/target:/opt/rustwide/target:rw,Z" "-v" "/var/lib/crater-agent-workspace/builds/worker-5-tc1/source:/opt/rustwide/workdir:ro,Z" "-v" "/var/lib/crater-agent-workspace/cargo-home:/opt/rustwide/cargo-home:ro,Z" "-v" "/var/lib/crater-agent-workspace/rustup-home:/opt/rustwide/rustup-home:ro,Z" "-e" "SOURCE_DIR=/opt/rustwide/workdir" "-e" "CARGO_TARGET_DIR=/opt/rustwide/target" "-e" "CARGO_INCREMENTAL=0" "-e" "RUST_BACKTRACE=full" "-e" "RUSTFLAGS=--cap-lints=forbid" "-e" "RUSTDOCFLAGS=--cap-lints=forbid" "-e" "CARGO_HOME=/opt/rustwide/cargo-home" "-e" "RUSTUP_HOME=/opt/rustwide/rustup-home" "-w" "/opt/rustwide/workdir" "-m" "1610612736" "--user" "0:0" "--network" "none" "ghcr.io/rust-lang/crates-build-env/linux@sha256:19e73879b68f455e41552ea35293514db52ea292d993f571636dbffedb77a1ee" "/opt/rustwide/cargo-home/bin/cargo" "+9610dfe5a9a731ced1ea4923ecbd0c57fe367898" "check" "--frozen" "--all" "--all-targets" "--message-format=json", kill_on_drop: false }`
[INFO] [stdout] 4b326278f88769c779362bf44ef196bf2fd9daab4165252f45aecdca66dd2d74
[INFO] running `Command { std: "docker" "start" "-a" "4b326278f88769c779362bf44ef196bf2fd9daab4165252f45aecdca66dd2d74", kill_on_drop: false }`
[INFO] [stderr]    Compiling libc v0.2.98
[INFO] [stderr]    Compiling proc-macro2 v1.0.27
[INFO] [stderr]    Compiling syn v1.0.73
[INFO] [stderr]    Compiling num-traits v0.2.14
[INFO] [stderr]    Compiling crossbeam-utils v0.8.5
[INFO] [stderr]    Compiling memchr v2.4.0
[INFO] [stderr]    Compiling serde_derive v1.0.126
[INFO] [stderr]    Compiling serde v1.0.126
[INFO] [stderr]    Compiling memoffset v0.6.4
[INFO] [stderr]     Checking scopeguard v1.1.0
[INFO] [stderr]    Compiling crossbeam-epoch v0.9.5
[INFO] [stderr]    Compiling version_check v0.9.3
[INFO] [stderr]    Compiling serde_json v1.0.64
[INFO] [stderr]    Compiling log v0.4.14
[INFO] [stderr]     Checking itoa v0.4.7
[INFO] [stderr]    Compiling quote v1.0.9
[INFO] [stderr]    Compiling proc-macro-error-attr v1.0.4
[INFO] [stderr]     Checking aho-corasick v0.7.18
[INFO] [stderr]     Checking either v1.6.1
[INFO] [stderr]    Compiling rayon-core v1.9.1
[INFO] [stderr]     Checking atty v0.2.14
[INFO] [stderr]    Compiling bitflags v1.2.1
[INFO] [stderr]     Checking crossbeam-deque v0.8.0
[INFO] [stderr]    Compiling proc-macro-error v1.0.4
[INFO] [stderr]     Checking crossbeam-channel v0.5.1
[INFO] [stderr]    Compiling num-integer v0.1.44
[INFO] [stderr]    Compiling semver v1.0.3
[INFO] [stderr]     Checking textwrap v0.11.0
[INFO] [stderr]     Checking float-cmp v0.8.0
[INFO] [stderr]     Checking num_cpus v1.13.0
[INFO] [stderr]     Checking instant v0.1.9
[INFO] [stderr]    Compiling rayon v1.5.1
[INFO] [stderr]    Compiling crc32fast v1.2.1
[INFO] [stderr]     Checking smallvec v1.6.1
[INFO] [stderr]     Checking regex v1.5.4
[INFO] [stderr]     Checking vec_map v0.8.2
[INFO] [stderr]     Checking strsim v0.8.0
[INFO] [stderr]     Checking ansi_term v0.11.0
[INFO] [stderr]    Compiling crossbeam-queue v0.3.2
[INFO] [stderr]     Checking predicates-tree v1.0.2
[INFO] [stderr]     Checking parking_lot_core v0.8.3
[INFO] [stderr]     Checking clap v2.33.3
[INFO] [stderr]     Checking time v0.1.43
[INFO] [stderr]     Checking lock_api v0.4.4
[INFO] [stderr]     Checking byteorder v1.4.3
[INFO] [stderr]    Compiling anyhow v1.0.41
[INFO] [stderr]    Compiling cfg-if v1.0.0
[INFO] [stderr]     Checking parking_lot v0.11.1
[INFO] [stderr]     Checking chrono v0.4.19
[INFO] [stderr]     Checking fxhash v0.2.1
[INFO] [stderr]    Compiling rustc_version v0.4.0
[INFO] [stderr]     Checking predicates v1.0.8
[INFO] [stderr]     Checking colored v1.9.3
[INFO] [stderr]     Checking fs2 v0.4.3
[INFO] [stderr]     Checking fragile v1.0.0
[INFO] [stderr]     Checking downcast v0.10.0
[INFO] [stderr]     Checking owned-alloc v0.2.0
[INFO] [stderr]    Compiling cast v0.2.7
[INFO] [stderr]     Checking sled v0.34.6
[INFO] [stderr]     Checking lockfree v0.5.1
[INFO] [stderr]     Checking crossbeam v0.8.1
[INFO] [stderr]     Checking simple_logger v1.11.0
[INFO] [stderr]     Checking getrandom v0.2.3
[INFO] [stderr]     Checking plotters-backend v0.3.2
[INFO] [stderr]     Checking regex-automata v0.1.10
[INFO] [stderr]     Checking rand_core v0.6.3
[INFO] [stderr]     Checking ppv-lite86 v0.2.10
[INFO] [stderr]     Checking plotters-svg v0.3.1
[INFO] [stderr]     Checking itertools v0.9.0
[INFO] [stderr]     Checking csv-core v0.1.10
[INFO] [stderr]     Checking half v1.7.1
[INFO] [stderr]     Checking plotters v0.3.1
[INFO] [stderr]     Checking itertools v0.10.1
[INFO] [stderr]     Checking rand_chacha v0.3.1
[INFO] [stderr]     Checking oorandom v11.1.3
[INFO] [stderr]     Checking remove_dir_all v0.5.3
[INFO] [stderr]     Checking panic-control v0.1.4
[INFO] [stderr]     Checking rand v0.8.4
[INFO] [stderr]     Checking criterion-plot v0.4.3
[INFO] [stderr]     Checking tempfile v3.2.0
[INFO] [stderr]    Compiling structopt-derive v0.4.15
[INFO] [stderr]    Compiling mockall_derive v0.9.1
[INFO] [stderr]     Checking structopt v0.3.22
[INFO] [stderr]     Checking mockall v0.9.1
[INFO] [stderr]     Checking bstr v0.2.16
[INFO] [stderr]     Checking serde_cbor v0.11.1
[INFO] [stderr]     Checking csv v1.1.6
[INFO] [stderr]     Checking kvs v0.1.0 (/opt/rustwide/workdir)
[INFO] [stderr]     Checking tinytemplate v1.2.1
[INFO] [stderr]     Checking escargot v0.4.0
[INFO] [stderr]     Checking criterion v0.3.4
[INFO] [stderr]     Checking assert_cmd v0.11.1
[INFO] [stdout] error[E0432]: unresolved import `kvs::SledAdapter`
[INFO] [stdout]   --> benches/benches.rs:94:25
[INFO] [stdout]    |
[INFO] [stdout] 94 |     use kvs::{KvServer, SledAdapter};
[INFO] [stdout]    |                         ^^^^^^^^^^^ no `SledAdapter` in the root
[INFO] [stdout]    |
[INFO] [stdout]    = help: consider importing this struct instead:
[INFO] [stdout]            kvs::engine::SledAdapter
[INFO] [stdout] 
[INFO] [stdout] 
[INFO] [stdout] error[E0433]: failed to resolve: use of undeclared type `SledAdapter`
[INFO] [stdout]   --> benches/benches.rs:46:22
[INFO] [stdout]    |
[INFO] [stdout] 46 |         let engine = SledAdapter::open(temp_dir.path()).unwrap();
[INFO] [stdout]    |                      ^^^^^^^^^^^ use of undeclared type `SledAdapter`
[INFO] [stdout]    |
[INFO] [stdout] help: consider importing one of these items
[INFO] [stdout]    |
[INFO] [stdout] 4  +     use crate::engine::engine::SledAdapter;
[INFO] [stdout]    |
[INFO] [stdout] 4  +     use kvs::engine::SledAdapter;
[INFO] [stdout]    |
[INFO] [stdout] 
[INFO] [stdout] 
[INFO] [stdout] error[E0433]: failed to resolve: use of undeclared type `SledAdapter`
[INFO] [stdout]   --> benches/benches.rs:70:22
[INFO] [stdout]    |
[INFO] [stdout] 70 |         let engine = SledAdapter::open(temp_dir.path()).unwrap();
[INFO] [stdout]    |                      ^^^^^^^^^^^ use of undeclared type `SledAdapter`
[INFO] [stdout]    |
[INFO] [stdout] help: consider importing one of these items
[INFO] [stdout]    |
[INFO] [stdout] 4  +     use crate::engine::engine::SledAdapter;
[INFO] [stdout]    |
[INFO] [stdout] 4  +     use kvs::engine::SledAdapter;
[INFO] [stdout]    |
[INFO] [stdout] 
[INFO] [stdout] 
[INFO] [stdout] error: aborting due to 3 previous errors
[INFO] [stdout] 
[INFO] [stdout] 
[INFO] [stdout] Some errors have detailed explanations: E0432, E0433.
[INFO] [stdout] 
[INFO] [stdout] For more information about an error, try `rustc --explain E0432`.
[INFO] [stdout] 
[INFO] [stderr] error: could not compile `kvs` (bench "benches") due to 4 previous errors
[INFO] [stderr] warning: build failed, waiting for other jobs to finish...
[INFO] running `Command { std: "docker" "inspect" "4b326278f88769c779362bf44ef196bf2fd9daab4165252f45aecdca66dd2d74", kill_on_drop: false }`
[INFO] running `Command { std: "docker" "rm" "-f" "4b326278f88769c779362bf44ef196bf2fd9daab4165252f45aecdca66dd2d74", kill_on_drop: false }`
[INFO] [stdout] 4b326278f88769c779362bf44ef196bf2fd9daab4165252f45aecdca66dd2d74
